{"id":287,"date":"2021-04-23T15:32:56","date_gmt":"2021-04-23T14:32:56","guid":{"rendered":"https:\/\/gretzmeier-shop.de\/?page_id=287"},"modified":"2021-11-23T11:04:58","modified_gmt":"2021-11-23T10:04:58","slug":"agb","status":"publish","type":"page","link":"https:\/\/gretzmeier-shop.de\/?page_id=287","title":{"rendered":"AGB"},"content":{"rendered":"\n<p>1. Geltungsbereich \/ Allgemeine Bestimmungen<\/p>\n\n\n\n<p>1.1.<\/p>\n\n\n\n<p>Die nachstehenden Allgemeinen Gesch\u00e4ftsbedingungen (im Folgenden \u201eAGB\u201c) gelten f\u00fcr die \u00fcber den Online-Shop unter www.gretzmeier-shop.de. (im Folgenden \u201eOnline-Shop\u201c) zwischen dem Weingut Gretzmeier (im Folgenden \u201ewir\u201c oder \u201euns\u201c) und dem Kunden geschlossenen Vertr\u00e4ge.<\/p>\n\n\n\n<p>1.2.<\/p>\n\n\n\n<p>Diese AGB gelten gegen\u00fcber Verbrauchern sowie gegen\u00fcber Unternehmen. Verbraucher sind nat\u00fcrliche Personen, die Rechtsgesch\u00e4fte zu einem Zweck abschlie\u00dfen, der weder ihrer gewerblichen noch ihrer selbst\u00e4ndigen beruflichen T\u00e4tigkeit zugerechnet werden kann.<\/p>\n\n\n\n<p>1.3.<\/p>\n\n\n\n<p>Abweichende Bedingungen der Kunden akzeptieren wir nicht. Dies gilt auch, wenn wir der Einbeziehung nicht ausdr\u00fccklich widersprechen.<\/p>\n\n\n\n<p>2. Zustandekommen des Vertrages \/ Vertragssprache<\/p>\n\n\n\n<p>2.1.<\/p>\n\n\n\n<p>Unser Angebot richtet sich aufgrund der zwingenden Bestimmungen des Jugendschutzgesetzes ausschlie\u00dflich an unbeschr\u00e4nkt gesch\u00e4ftsf\u00e4hige Personen (vollj\u00e4hrige Personen) mit Wohnsitz in Deutschland sowie an juristische Personen und Personenhandelsgesellschaften mit Sitz in Deutschland. Auf unser Verlangen haben unsere Kunden uns eine Kopie des Personalausweises, des Gewerbescheines, der Handelsregistereintragung oder eines vergleichbaren amtlichen Identit\u00e4tsnachweises zuzusenden, damit sichergestellt wird, dass keine alkoholhaltigen Produkte an nicht vollj\u00e4hrige Personen abgegeben werden. Bestellungen von unter 18 J\u00e4hrigen werden von uns nicht bearbeitet und gel\u00f6scht. Das Angebot ist freibleibend. Es richtet sich an die von dem Weingut festgelegten Abnehmergruppen. Mit Erscheinen einer neuen Preisliste verlieren vorangegangene Preislisten ihre G\u00fcltigkeit.<\/p>\n\n\n\n<p>2.2.<\/p>\n\n\n\n<p>Die Abgabe erfolgt an Verbraucher nur in haushalts\u00fcblichen Mengen. Dies bedeutet, dass wir uns vorbehalten die Artikelauswahl des Kunden zu \u00fcberpr\u00fcfen und nicht zu liefern, wenn der Kunde haushaltsun\u00fcbliche Mengen gew\u00e4hlt hat.<\/p>\n\n\n\n<p>2.3.<\/p>\n\n\n\n<p>Die innerhalb des Online-Shops aufgef\u00fchrten Produkte und Leistungen stellen f\u00fcr uns keine bindenden Angebote dar; es handelt sich vielmehr um die Aufforderung an den Kunden, uns ein verbindliches Angebot durch Abgabe einer Bestellung zu unterbreiten.<\/p>\n\n\n\n<p>2.4.<\/p>\n\n\n\n<p>Der Kunde hat die M\u00f6glichkeit, innerhalb des Online-Shops Produkte auszuw\u00e4hlen und zu bestellen. Vor Absendung der Bestellung erm\u00f6glichen wir es dem Kunden, die Bestelldaten zu \u00fcberpr\u00fcfen und etwaige Eingabefehler zu berichtigen.<\/p>\n\n\n\n<p>2.5. Erst durch das Setzen des H\u00e4kchens \u201eMit deiner Bestellung erkl\u00e4rst du dich mit unseren Allgemeinen Gesch\u00e4ftsbedingungen, Widerrufsbestimmungen und Datenschutzbestimmungen einverstanden.\u201c und \u201eIch best\u00e4tige, dass ich mindestens 18 Jahre alt bin.&#8220; und durch das Klicken des Buttons \u201eJetzt kaufen&#8220; sendet der Kunde seine Bestellung aus dem virtuellen Warenkorb ab und eine verbindliche Bestellung im Sinne des \u00a7 145 BGB \u00fcber die in diesem enthaltenen Artikel ab. Der Zugang dieser Bestellung wird dem Kunden im Browser best\u00e4tigt, dabei wird die Bestellung nochmals zusammengefasst und dem Kunden in ausdruckf\u00e4higer Form wiedergegeben. Zus\u00e4tzlich wird von uns der Eingang der Bestellung unverz\u00fcglich in Textform per E-Mail best\u00e4tigt. Sie stellt jedoch noch keine Annahme des Angebotes des Kunden dar.<\/p>\n\n\n\n<p>2.6.<\/p>\n\n\n\n<p>Wir sind berechtigt, das Vertragsangebot des Kunden innerhalb von drei Werktagen nach Eingang der Bestellung anzunehmen. Der Vertrag mit dem Kunden kommt erst mit unserer ausdr\u00fccklichen Annahme der Bestellung durch eine gesonderte E-Mail (Vertragsschlussbest\u00e4tigung) zustande. \u00dcber Waren aus ein- und derselben Bestellung, die nicht in der Vertragsschlussbest\u00e4tigung aufgef\u00fchrt sind, kommt kein Kaufvertrag zustande.<\/p>\n\n\n\n<p>2.7.<\/p>\n\n\n\n<p>Die Vertragssprache ist Deutsch.<\/p>\n\n\n\n<p>Preise \/ Zahlungsbedingungen<\/p>\n\n\n\n<p>3.1.<\/p>\n\n\n\n<p>Bei den in den Angeboten angef\u00fchrten Kaufpreisen handelt es sich um Endpreise inklusive der gesetzlichen Mehrwertsteuer.<\/p>\n\n\n\n<p>3.2.<\/p>\n\n\n\n<p>Soweit nicht im Einzelfall etwas anderes vereinbart ist, gelten die Kaufpreise zuz\u00fcglich Liefer- und Versandkosten; deren H\u00f6he oder n\u00e4here Einzelheiten zur deren Berechnung werden auf der jeweiligen Online-Shop-Website angef\u00fchrt.<\/p>\n\n\n\n<p>3.3.<\/p>\n\n\n\n<p>Wir akzeptieren die auf der Website angef\u00fchrten und dem Kunden zur Auswahl gestellten Zahlungsmethoden. Diese sind derzeit Vorkasse (bei einem Erstauftrag), Rechnung. Der Kunde w\u00e4hlt die von ihm bevorzugte Zahlungsart unter den zur Verf\u00fcgung stehenden Zahlungsmethoden selbst aus.<\/p>\n\n\n\n<p>3.4.<\/p>\n\n\n\n<p>Der Kaufpreis wird, soweit nicht nachfolgend bei einzelnen Zahlungsarten etwas anderes geregelt ist, mit Zugang der Vertragsschlussbest\u00e4tigung beim Kunden f\u00e4llig.<\/p>\n\n\n\n<p>3.4.1<\/p>\n\n\n\n<p>Im Falle der Lieferung auf Rechnung ist der Rechnungsbetrag bei Erhalt der Ware und entsprechend der Angaben der auf der Ware beigef\u00fcgten Rechnung zu bezahlen.<\/p>\n\n\n\n<p>3.5.<\/p>\n\n\n\n<p>Wir behalten uns vor den Zugang zum Online-Shop f\u00fcr diejenigen Kunden zu sperren, bei denen es zu Zahlungsausf\u00e4llen oder \u2013verz\u00f6gerungen kommt oder bei deren Bestellung es mehrfach zu einem unsachgem\u00e4\u00dfen Vorgehen gekommen ist. Zur Absicherung des Kreditrisikos behalten wir uns das Recht vor, die Auswahlm\u00f6glichkeit der Zahlungsarten einzuschr\u00e4nken.<\/p>\n\n\n\n<p>3.6.<\/p>\n\n\n\n<p>Der Kunde kann ein Zur\u00fcckbehaltungsrecht nur aus\u00fcben, wenn sein Gegenanspruch auf demselben Vertragsverh\u00e4ltnis beruht.<\/p>\n\n\n\n<p>3.7.<\/p>\n\n\n\n<p>Der Kunde kann ein Recht zur Aufrechnung nur dann aus\u00fcben, wenn sein Gegenanspruch rechtskr\u00e4ftig gerichtlich festgestellt wurde, unbestritten ist oder schriftlich durch uns anerkannt wurde.<\/p>\n\n\n\n<p>4.<\/p>\n\n\n\n<p>Liefer- und Versandbedingungen<\/p>\n\n\n\n<p>4.1.<\/p>\n\n\n\n<p>Die Lieferung der Ware erfolgt, sofern nichts anderes mit dem Kunden vereinbart ist, auf dem Versandwege an die vom Kunden mitgeteilte Lieferanschrift.<\/p>\n\n\n\n<p>4.2.<\/p>\n\n\n\n<p>Die Auslieferung an das Versandunternehmen bei der bestellten Ware erfolgt am n\u00e4chsten Werktag (Montag \u2013 Freitag) nach Bestellungseingang. Bitte beachten Sie, dass die Lieferzeiten des Versandunternehmens bis zu zehn Tage dauern k\u00f6nnen.<\/p>\n\n\n\n<p>4.3.<\/p>\n\n\n\n<p>Wir versenden nur an Lieferadressen innerhalb von Deutschland. Lieferungen ins Ausland oder auf Inseln nur nach pers\u00f6nlicher Absprache m\u00f6glich.<\/p>\n\n\n\n<p>4.4. Wir sind zu Teillieferungen in f\u00fcr Sie zumutbarem Umfang berechtigt.<\/p>\n\n\n\n<p>4.5.<\/p>\n\n\n\n<p>Im Rahmen der Versandabwicklung \u00fcbermitteln wir auf der Grundlage der Postdienstdatenschutzverordnung (\u00a75 PDSV) ihre Daten (Name, Adresse, ggf. Emailadresse f\u00fcr Avisierungsoptionen und Umverf\u00fcgungen, sowie weitere, sendungsbezogene, Daten) an unseren Versandpartner DPD<\/p>\n\n\n\n<p>5.<\/p>\n\n\n\n<p>Nicht angenommene und nicht abgeholte Pakete<\/p>\n\n\n\n<p>5.1.<\/p>\n\n\n\n<p>Wir behalten uns vor, f\u00fcr nicht angenommene und nicht abgeholte Pakete die uns entstandenen Kosten, insbesondere f\u00fcr Verpackung und Fracht, zu berechnen. Ein solches Recht steht uns nicht zu, wenn der Kunde uns gegen\u00fcber nachweisen kann, dass uns keine oder lediglich geringere Kosten entstanden sind.<\/p>\n\n\n\n<p>5.2.<\/p>\n\n\n\n<p>Ebenso hat der Kunde keine Kosten f\u00fcr nicht angenommene oder nicht abgeholte Pakete zu entrichten, wenn er bis zum Zeitpunkt der Auslieferung der Ware an ihn bzw. der Auslieferung der Ware an den von ihm bestimmten Paketshop der Widerruf der Vertragserkl\u00e4rung uns gegen\u00fcber erkl\u00e4rt hat. Ma\u00dfgeblicher Zeitpunkt ist die Absendung des Widerrufs durch den Kunden.<\/p>\n\n\n\n<p>6.<\/p>\n\n\n\n<p>Eigentumsvorbehalt<\/p>\n\n\n\n<p>Wir behalten uns das Eigentum an den verkauften Sachen bis zur vollst\u00e4ndigen Zahlung des Kaufpreises vor.<\/p>\n\n\n\n<p>7.<\/p>\n\n\n\n<p>Widerrufsrecht, Widerrufsfolgen<\/p>\n\n\n\n<p>7.1.<\/p>\n\n\n\n<p>Verbrauchern (siehe Ziffer 1.2.) steht nach Ma\u00dfgabe der fernabsatzrechtlichen Bestimmungen ein Widerrufsrecht zu. Zu den Einzelheiten des Widerrufsrechts wird auf die Widerrufsbelehrung verwiesen. Unternehmer haben kein Widerrufsrecht.<\/p>\n\n\n\n<p>7.2.<\/p>\n\n\n\n<p>F\u00fcr den Fall der Aus\u00fcbung dieses fernabsatzrechtlichen Widerrufsrechts hat der Verbraucher die Kosten der R\u00fccksendung zu tragen.<\/p>\n\n\n\n<p>8.Rechte bei M\u00e4ngeln der Sache (Gew\u00e4hrleistung) und Haftung<\/p>\n\n\n\n<p>8.1.<\/p>\n\n\n\n<p>Wir haften bei Warenm\u00e4ngeln nach den gesetzlichen Bestimmungen. Es gelten die gesetzlichen Gew\u00e4hrleistungsregeln.<\/p>\n\n\n\n<p>8.2.<\/p>\n\n\n\n<p>Bei Bestellungen durch Unternehmen gelten die R\u00fcge- und Untersuchungspflichten der \u00a7\u00a7 377 ff. HGB uneingeschr\u00e4nkt. Die Anspr\u00fcche von Unternehmen aus dem Vertragsverh\u00e4ltnis verj\u00e4hren in 12 Monaten, beginnend mit der Ablieferung der Waren.<\/p>\n\n\n\n<p>8.3.<\/p>\n\n\n\n<p>Die Beseitigung von M\u00e4ngeln oder die Lieferung eines fehlerhaften Ersatzst\u00fcckes (\u201eNacherf\u00fcllung\u201c) erfolgt ohne Anerkennung einer Rechtspflicht und f\u00fchrt nicht zum Neubeginn der Verj\u00e4hrung.<\/p>\n\n\n\n<p>8.4.<\/p>\n\n\n\n<p>Bei M\u00e4ngeln der bestellten Waren zus\u00e4tzlich entstehende Kosten, insbesondere f\u00fcr Transport, Arbeit und Material werden von uns getragen, es sei denn, dass sich bei der Pr\u00fcfung von behaupteten M\u00e4ngeln herausstellt, dass kein Anspruch wegen M\u00e4ngeln besteht. In diesem Fall ist der Kunde verpflichtet die durch die Pr\u00fcfung entstandenen Kosten zu ersetzen.<\/p>\n\n\n\n<p>8.5.<\/p>\n\n\n\n<p>Eine selbst\u00e4ndige Garantie f\u00fcr bestimmte Beschaffenheiten der verkauften Waren liegt nicht in den auf den Internetseiten des Onlineshops vorhandenen Angaben \u00fcber die Waren. Eine selbst\u00e4ndige Garantie wird auch sonst von uns nicht \u00fcbernommen.<\/p>\n\n\n\n<p>8.6.<\/p>\n\n\n\n<p>Wir haften nach den gesetzlichen Bestimmungen uneingeschr\u00e4nkt f\u00fcr Sch\u00e4den aus der Verletzung des Lebens, des K\u00f6rpers oder der Gesundheit, die auf einer vors\u00e4tzlichen oder fahrl\u00e4ssigen Pflichtverletzung beruhen sowie f\u00fcr sonstige Sch\u00e4den, die auf einer vors\u00e4tzlichen oder grob fahrl\u00e4ssigen Pflichtverletzung sowie Arglist beruhen. Dar\u00fcber hinaus haften wir uneingeschr\u00e4nkt f\u00fcr Sch\u00e4den, die von der Haftung nach zwingenden gesetzlichen Vorschriften, wie dem Produkthaftungsgesetz, umfasst werden sowie im Fall der \u00dcbernahme von Garantien.<\/p>\n\n\n\n<p>8.7.<\/p>\n\n\n\n<p>F\u00fcr solche Sch\u00e4den, die nicht von Ziffer 8.6. erfasst werden und die durch einfache oder leichte Fahrl\u00e4ssigkeit verursacht werden, haften wir, soweit diese Fahrl\u00e4ssigkeit die Verletzung von Vertragspflichten betrifft, deren Erf\u00fcllung die ordnungsgem\u00e4\u00dfe Durchf\u00fchrung des Vertrags \u00fcberhaupt erst erm\u00f6glicht und auf deren Einhaltung der Kunde regelm\u00e4\u00dfig vertrauen darf (sog. Kardinalpflichten). Dabei beschr\u00e4nkt sich unsere Haftung auf die vertragstypischen vorhersehbaren Sch\u00e4den.<\/p>\n\n\n\n<p>8.8.<\/p>\n\n\n\n<p>Im Falle leicht fahrl\u00e4ssiger Verletzungen solcher Vertragspflichten, die weder von Ziffer 8.6. noch Ziffer 8.7. erfasst werden (sog. unwesentliche Vertragspflichten) haften wir gegen\u00fcber Verbrauchern begrenzt auf die vertragstypischen vorhersehbaren Sch\u00e4den.<\/p>\n\n\n\n<p>8.9.<\/p>\n\n\n\n<p>Eine weitergehende Haftung ist ausgeschlossen.<\/p>\n\n\n\n<p>8.10. Online-Streitbeilegung gem\u00e4\u00df Art. 14 Abs. 1 ODR-VO:<\/p>\n\n\n\n<p>Die Europ\u00e4ische Kommission stellt eine Plattform zur Online-Streitbeilegung (OS) bereit. Die Plattform finden Sie unter http:\/\/ec.europa.eu\/consumers\/odr\/. Wir sind zur Teilnahme an einem Streitbeilegungsverfahren vor einer Verbraucherschlich- tungsstelle weder bereit noch verpflichtet.<\/p>\n\n\n\n<p>9.Anwendbares Recht<\/p>\n\n\n\n<p>9.1.<\/p>\n\n\n\n<p>Es gilt das Recht der Bundesrepublik Deutschland.<\/p>\n\n\n\n<p>9.2.<\/p>\n\n\n\n<p>Bei Verbrauchern, die den Vertrag nicht zu beruflichen oder gewerblichen Zwecken abschlie\u00dfen, gilt die Rechtswahl nach Ziffer 9.1 dieser AGB nur insoweit, als nicht der gew\u00e4hrte Schutz durch zwingende Bestimmungen des Rechts des Staates, in dem der Verbraucher seinen gew\u00f6hnlichen Aufenthalt hat, entzogen wird.<\/p>\n\n\n\n<p>9.3.<\/p>\n\n\n\n<p>Die Bestimmungen des \u00dcbereinkommens der Vereinten Nationen \u00fcber Vertr\u00e4ge \u00fcber den internationalen Warenkauf (UN-Kaufrecht) finden keine Anwendung.<\/p>\n\n\n\n<p>9.4.<\/p>\n\n\n\n<p>Sofern der Vertrag unter Vollkaufleuten geschlossen wird, ist ausschlie\u00dflicher Gerichtsstand das \u00f6rtlich zust\u00e4ndige Gericht f\u00fcr unseren Firmensitz.<\/p>\n\n\n\n<p>10. SALVATORISCHE KLAUSEL<\/p>\n\n\n\n<p>Sollte eine Klausel dieser Bedingungen unwirksam sein, bleibt die Wirksamkeit der \u00fcbrigen Bedingungen unber\u00fchrt. Falls eine Bestimmung dieser Vereinbarung unwirksam oder nicht durchsetzbar ist, soll diese Bestimmung so ausgelegt werden, dass die Bestimmung mit dem anwendbaren Recht vereinbar ist und den urspr\u00fcnglichen Absichten der Parteien bestm\u00f6glich entspricht. Der \u00fcbrige Teil dieser Vereinbarung soll hiervon unber\u00fchrt bleiben.<\/p>\n","protected":false},"excerpt":{"rendered":"<p>1. Geltungsbereich \/ Allgemeine Bestimmungen 1.1. Die nachstehenden Allgemeinen Gesch\u00e4ftsbedingungen (im Folgenden \u201eAGB\u201c) gelten f\u00fcr die \u00fcber den Online-Shop unter www.gretzmeier-shop.de. (im Folgenden \u201eOnline-Shop\u201c) zwischen dem Weingut Gretzmeier (im Folgenden \u201ewir\u201c oder \u201euns\u201c) und dem Kunden geschlossenen Vertr\u00e4ge. 1.2. Diese AGB gelten gegen\u00fcber Verbrauchern sowie gegen\u00fcber Unternehmen. Verbraucher sind nat\u00fcrliche Personen, die Rechtsgesch\u00e4fte zu einem<span class=\"dots\"> &hellip; <\/span><span class=\"link-more\"><a href=\"https:\/\/gretzmeier-shop.de\/?page_id=287\" class=\"more-link\">Read more <span class=\"screen-reader-text\">&#8222;AGB&#8220;<\/span><\/a><\/span><\/p>\n","protected":false},"author":1,"featured_media":0,"parent":0,"menu_order":0,"comment_status":"closed","ping_status":"closed","template":"","meta":{"footnotes":""},"class_list":["post-287","page","type-page","status-publish","hentry"],"_links":{"self":[{"href":"https:\/\/gretzmeier-shop.de\/index.php?rest_route=\/wp\/v2\/pages\/287","targetHints":{"allow":["GET"]}}],"collection":[{"href":"https:\/\/gretzmeier-shop.de\/index.php?rest_route=\/wp\/v2\/pages"}],"about":[{"href":"https:\/\/gretzmeier-shop.de\/index.php?rest_route=\/wp\/v2\/types\/page"}],"author":[{"embeddable":true,"href":"https:\/\/gretzmeier-shop.de\/index.php?rest_route=\/wp\/v2\/users\/1"}],"replies":[{"embeddable":true,"href":"https:\/\/gretzmeier-shop.de\/index.php?rest_route=%2Fwp%2Fv2%2Fcomments&post=287"}],"version-history":[{"count":4,"href":"https:\/\/gretzmeier-shop.de\/index.php?rest_route=\/wp\/v2\/pages\/287\/revisions"}],"predecessor-version":[{"id":1502,"href":"https:\/\/gretzmeier-shop.de\/index.php?rest_route=\/wp\/v2\/pages\/287\/revisions\/1502"}],"wp:attachment":[{"href":"https:\/\/gretzmeier-shop.de\/index.php?rest_route=%2Fwp%2Fv2%2Fmedia&parent=287"}],"curies":[{"name":"wp","href":"https:\/\/api.w.org\/{rel}","templated":true}]}}