{"id":374,"date":"2021-04-27T13:29:48","date_gmt":"2021-04-27T12:29:48","guid":{"rendered":"https:\/\/gretzmeier-shop.de\/?product=zwulcherjunior-rot"},"modified":"2025-01-15T15:37:00","modified_gmt":"2025-01-15T14:37:00","slug":"zwulcherjunior-rot","status":"publish","type":"product","link":"https:\/\/gretzmeier-shop.de\/?product=zwulcherjunior-rot","title":{"rendered":"2020 ZwulcherJunior Rot"},"content":{"rendered":"<p>Duft nach Johannisbeeren und leichte Nuancen von Vanille.<\/p>\n<p>Im Geschmack angenehm ausgeglichen.<\/p>\n<p>Perfekte Harmonie von S\u00e4ure und Rests\u00fc\u00dfe!<\/p>\n<p>enth\u00e4lt Sulfit<\/p>\n","protected":false},"excerpt":{"rendered":"<p>RZ: 26,3 S: 6,1 Alk: 11,0<\/p>\n","protected":false},"featured_media":360,"comment_status":"open","ping_status":"closed","template":"","meta":[],"product_brand":[],"product_cat":[21],"product_tag":[66,57],"class_list":{"0":"post-374","1":"product","2":"type-product","3":"status-publish","4":"has-post-thumbnail","6":"product_cat-rotweine","7":"product_tag-0-75-l-flasche","8":"product_tag-mild","10":"first","11":"instock","12":"taxable","13":"shipping-taxable","14":"purchasable","15":"product-type-simple"},"_links":{"self":[{"href":"https:\/\/gretzmeier-shop.de\/index.php?rest_route=\/wp\/v2\/product\/374","targetHints":{"allow":["GET"]}}],"collection":[{"href":"https:\/\/gretzmeier-shop.de\/index.php?rest_route=\/wp\/v2\/product"}],"about":[{"href":"https:\/\/gretzmeier-shop.de\/index.php?rest_route=\/wp\/v2\/types\/product"}],"replies":[{"embeddable":true,"href":"https:\/\/gretzmeier-shop.de\/index.php?rest_route=%2Fwp%2Fv2%2Fcomments&post=374"}],"wp:featuredmedia":[{"embeddable":true,"href":"https:\/\/gretzmeier-shop.de\/index.php?rest_route=\/wp\/v2\/media\/360"}],"wp:attachment":[{"href":"https:\/\/gretzmeier-shop.de\/index.php?rest_route=%2Fwp%2Fv2%2Fmedia&parent=374"}],"wp:term":[{"taxonomy":"product_brand","embeddable":true,"href":"https:\/\/gretzmeier-shop.de\/index.php?rest_route=%2Fwp%2Fv2%2Fproduct_brand&post=374"},{"taxonomy":"product_cat","embeddable":true,"href":"https:\/\/gretzmeier-shop.de\/index.php?rest_route=%2Fwp%2Fv2%2Fproduct_cat&post=374"},{"taxonomy":"product_tag","embeddable":true,"href":"https:\/\/gretzmeier-shop.de\/index.php?rest_route=%2Fwp%2Fv2%2Fproduct_tag&post=374"}],"curies":[{"name":"wp","href":"https:\/\/api.w.org\/{rel}","templated":true}]}}